{"id":808,"date":"2016-06-25T14:35:41","date_gmt":"2016-06-25T12:35:41","guid":{"rendered":"http:\/\/hans-gerrit.de\/wordpress\/wp-content\/uploads\/2016\/06\/022517.jpg"},"modified":"2026-03-28T14:24:54","modified_gmt":"2026-03-28T13:24:54","slug":"022517","status":"inherit","type":"attachment","link":"https:\/\/gartenfriedhof.de\/wordpress\/?attachment_id=808","title":{"rendered":"022517"},"author":1,"featured_media":0,"comment_status":"closed","ping_status":"closed","template":"","meta":[],"class_list":["post-808","attachment","type-attachment","status-inherit","hentry"],"yoast_head":"<!-- This site is optimized with the Yoast SEO plugin v27.2 - https:\/\/yoast.com\/product\/yoast-seo-wordpress\/ -->\n<title>022517 - Gartenfriedhof Hannover<\/title>\n<meta name=\"robots\" content=\"index, follow, max-snippet:-1, max-image-preview:large, max-video-preview:-1\" \/>\n<link rel=\"canonical\" href=\"https:\/\/gartenfriedhof.de\/wordpress\/wp-content\/uploads\/2016\/06\/022517.jpg\" \/>\n<meta property=\"og:locale\" content=\"de_DE\" \/>\n<meta property=\"og:type\" content=\"article\" \/>\n<meta property=\"og:title\" content=\"022517 - Gartenfriedhof Hannover\" \/>\n<meta property=\"og:description\" content=\"022517 Foto, 1880: Hannover-Mitte, Marienstra\u00dfe. Gartenkirche St. Marien. Vorg\u00e4ngerbau 1746-49 von Joh. Paul Heumann. Schlichter, turmloser Saalbau, erste Kirche der weitl\u00e4ufigen Gartengemeinde vor dem Aegidientor. Bildarchiv HMH. Scan vom Foto 10,5x15 cm.\" \/>\n<meta property=\"og:url\" content=\"https:\/\/gartenfriedhof.de\/wordpress\/wp-content\/uploads\/2016\/06\/022517.jpg\" \/>\n<meta property=\"og:site_name\" content=\"Gartenfriedhof Hannover\" \/>\n<meta property=\"article:modified_time\" content=\"2026-03-28T13:24:54+00:00\" \/>\n<meta property=\"og:image\" content=\"https:\/\/gartenfriedhof.de\/wordpress\/wp-content\/uploads\/2016\/06\/022517.jpg\" \/>\n\t<meta property=\"og:image:width\" content=\"500\" \/>\n\t<meta property=\"og:image:height\" content=\"336\" \/>\n\t<meta property=\"og:image:type\" content=\"image\/jpeg\" \/>\n<meta name=\"twitter:card\" content=\"summary_large_image\" \/>\n<script type=\"application\/ld+json\" class=\"yoast-schema-graph\">{\"@context\":\"https:\/\/schema.org\",\"@graph\":[{\"@type\":\"WebPage\",\"@id\":\"https:\/\/gartenfriedhof.de\/wordpress\/wp-content\/uploads\/2016\/06\/022517.jpg\",\"url\":\"https:\/\/gartenfriedhof.de\/wordpress\/wp-content\/uploads\/2016\/06\/022517.jpg\",\"name\":\"022517 - Gartenfriedhof Hannover\",\"isPartOf\":{\"@id\":\"https:\/\/gartenfriedhof.de\/wordpress\/#website\"},\"datePublished\":\"2016-06-25T12:35:41+00:00\",\"dateModified\":\"2026-03-28T13:24:54+00:00\",\"breadcrumb\":{\"@id\":\"https:\/\/gartenfriedhof.de\/wordpress\/wp-content\/uploads\/2016\/06\/022517.jpg#breadcrumb\"},\"inLanguage\":\"de\",\"potentialAction\":[{\"@type\":\"ReadAction\",\"target\":[\"https:\/\/gartenfriedhof.de\/wordpress\/wp-content\/uploads\/2016\/06\/022517.jpg\"]}]},{\"@type\":\"BreadcrumbList\",\"@id\":\"https:\/\/gartenfriedhof.de\/wordpress\/wp-content\/uploads\/2016\/06\/022517.jpg#breadcrumb\",\"itemListElement\":[{\"@type\":\"ListItem\",\"position\":1,\"name\":\"Startseite\",\"item\":\"https:\/\/gartenfriedhof.de\/wordpress\/\"},{\"@type\":\"ListItem\",\"position\":2,\"name\":\"022517\"}]},{\"@type\":\"WebSite\",\"@id\":\"https:\/\/gartenfriedhof.de\/wordpress\/#website\",\"url\":\"https:\/\/gartenfriedhof.de\/wordpress\/\",\"name\":\"Gartenfriedhof Hannover\",\"description\":\"\",\"potentialAction\":[{\"@type\":\"SearchAction\",\"target\":{\"@type\":\"EntryPoint\",\"urlTemplate\":\"https:\/\/gartenfriedhof.de\/wordpress\/?s={search_term_string}\"},\"query-input\":{\"@type\":\"PropertyValueSpecification\",\"valueRequired\":true,\"valueName\":\"search_term_string\"}}],\"inLanguage\":\"de\"}]}<\/script>\n<!-- \/ Yoast SEO plugin. -->","yoast_head_json":{"title":"022517 - Gartenfriedhof Hannover","robots":{"index":"index","follow":"follow","max-snippet":"max-snippet:-1","max-image-preview":"max-image-preview:large","max-video-preview":"max-video-preview:-1"},"canonical":"https:\/\/gartenfriedhof.de\/wordpress\/wp-content\/uploads\/2016\/06\/022517.jpg","og_locale":"de_DE","og_type":"article","og_title":"022517 - Gartenfriedhof Hannover","og_description":"022517 Foto, 1880: Hannover-Mitte, Marienstra\u00dfe. Gartenkirche St. Marien. Vorg\u00e4ngerbau 1746-49 von Joh. Paul Heumann. Schlichter, turmloser Saalbau, erste Kirche der weitl\u00e4ufigen Gartengemeinde vor dem Aegidientor. Bildarchiv HMH. Scan vom Foto 10,5x15 cm.","og_url":"https:\/\/gartenfriedhof.de\/wordpress\/wp-content\/uploads\/2016\/06\/022517.jpg","og_site_name":"Gartenfriedhof Hannover","article_modified_time":"2026-03-28T13:24:54+00:00","og_image":[{"width":500,"height":336,"url":"https:\/\/gartenfriedhof.de\/wordpress\/wp-content\/uploads\/2016\/06\/022517.jpg","type":"image\/jpeg"}],"twitter_card":"summary_large_image","schema":{"@context":"https:\/\/schema.org","@graph":[{"@type":"WebPage","@id":"https:\/\/gartenfriedhof.de\/wordpress\/wp-content\/uploads\/2016\/06\/022517.jpg","url":"https:\/\/gartenfriedhof.de\/wordpress\/wp-content\/uploads\/2016\/06\/022517.jpg","name":"022517 - Gartenfriedhof Hannover","isPartOf":{"@id":"https:\/\/gartenfriedhof.de\/wordpress\/#website"},"datePublished":"2016-06-25T12:35:41+00:00","dateModified":"2026-03-28T13:24:54+00:00","breadcrumb":{"@id":"https:\/\/gartenfriedhof.de\/wordpress\/wp-content\/uploads\/2016\/06\/022517.jpg#breadcrumb"},"inLanguage":"de","potentialAction":[{"@type":"ReadAction","target":["https:\/\/gartenfriedhof.de\/wordpress\/wp-content\/uploads\/2016\/06\/022517.jpg"]}]},{"@type":"BreadcrumbList","@id":"https:\/\/gartenfriedhof.de\/wordpress\/wp-content\/uploads\/2016\/06\/022517.jpg#breadcrumb","itemListElement":[{"@type":"ListItem","position":1,"name":"Startseite","item":"https:\/\/gartenfriedhof.de\/wordpress\/"},{"@type":"ListItem","position":2,"name":"022517"}]},{"@type":"WebSite","@id":"https:\/\/gartenfriedhof.de\/wordpress\/#website","url":"https:\/\/gartenfriedhof.de\/wordpress\/","name":"Gartenfriedhof Hannover","description":"","potentialAction":[{"@type":"SearchAction","target":{"@type":"EntryPoint","urlTemplate":"https:\/\/gartenfriedhof.de\/wordpress\/?s={search_term_string}"},"query-input":{"@type":"PropertyValueSpecification","valueRequired":true,"valueName":"search_term_string"}}],"inLanguage":"de"}]}},"description":{"rendered":"<p class=\"attachment\"><a href='https:\/\/gartenfriedhof.de\/wordpress\/wp-content\/uploads\/2016\/06\/022517.jpg'><img loading=\"lazy\" decoding=\"async\" width=\"300\" height=\"202\" src=\"https:\/\/gartenfriedhof.de\/wordpress\/wp-content\/uploads\/2016\/06\/022517-300x202.jpg\" class=\"attachment-medium size-medium\" alt=\"\" srcset=\"https:\/\/gartenfriedhof.de\/wordpress\/wp-content\/uploads\/2016\/06\/022517-300x202.jpg 300w, https:\/\/gartenfriedhof.de\/wordpress\/wp-content\/uploads\/2016\/06\/022517.jpg 500w\" sizes=\"auto, (max-width: 300px) 100vw, 300px\" \/><\/a><\/p>\n"},"caption":{"rendered":"<p>022517<br \/>\nFoto, 1880: Hannover-Mitte, Marienstra\u00dfe. Gartenkirche St. Marien. Vorg\u00e4ngerbau 1746-49 von Joh. Paul Heumann. Schlichter, turmloser Saalbau, erste Kirche der weitl\u00e4ufigen Gartengemeinde vor dem Aegidientor.<br \/>\nBildarchiv HMH.<br \/>\nScan vom Foto 10,5&#215;15 cm.<\/p>\n"},"alt_text":"","media_type":"image","mime_type":"image\/jpeg","media_details":{"width":500,"height":336,"file":"2016\/06\/022517.jpg","sizes":{"thumbnail":{"file":"022517-150x150.jpg","width":150,"height":150,"mime_type":"image\/jpeg","source_url":"https:\/\/gartenfriedhof.de\/wordpress\/wp-content\/uploads\/2016\/06\/022517-150x150.jpg"},"medium":{"file":"022517-300x202.jpg","width":300,"height":202,"mime_type":"image\/jpeg","source_url":"https:\/\/gartenfriedhof.de\/wordpress\/wp-content\/uploads\/2016\/06\/022517-300x202.jpg"},"post-thumbnail":{"file":"022517-500x198.jpg","width":500,"height":198,"mime_type":"image\/jpeg","source_url":"https:\/\/gartenfriedhof.de\/wordpress\/wp-content\/uploads\/2016\/06\/022517-500x198.jpg"},"full":{"file":"022517.jpg","width":500,"height":336,"mime_type":"image\/jpeg","source_url":"https:\/\/gartenfriedhof.de\/wordpress\/wp-content\/uploads\/2016\/06\/022517.jpg"}},"image_meta":{"aperture":"0","credit":"","camera":"","caption":"022517\t\rFoto, 1880: Hannover-Mitte, Marienstra\u00dfe. Gartenkirche St. Marien. Vorg\u00e4ngerbau 1746-49 von Joh. Paul Heumann. Schlichter, turmloser Saalbau, erste Kirche der weitl\u00e4ufigen Gartengemeinde vor dem Aegidientor.\t\rBildarchiv HMH.\t\rScan vom Foto 10,5x15 cm.","created_timestamp":"0","copyright":"\u00a9 Landeshauptstadt Hannover","focal_length":"0","iso":"0","shutter_speed":"0","title":"022517","orientation":"0","keywords":["1880er Jahre","19. Jh."],"resized_images":["665x500_c","600x200_c","665x600_c","650x500_c","650x600_c","650x550_c"]}},"post":752,"source_url":"https:\/\/gartenfriedhof.de\/wordpress\/wp-content\/uploads\/2016\/06\/022517.jpg","_links":{"self":[{"href":"https:\/\/gartenfriedhof.de\/wordpress\/wp-json\/wp\/v2\/media\/808","targetHints":{"allow":["GET"]}}],"collection":[{"href":"https:\/\/gartenfriedhof.de\/wordpress\/wp-json\/wp\/v2\/media"}],"about":[{"href":"https:\/\/gartenfriedhof.de\/wordpress\/wp-json\/wp\/v2\/types\/attachment"}],"author":[{"embeddable":true,"href":"https:\/\/gartenfriedhof.de\/wordpress\/wp-json\/wp\/v2\/users\/1"}],"replies":[{"embeddable":true,"href":"https:\/\/gartenfriedhof.de\/wordpress\/wp-json\/wp\/v2\/comments?post=808"}],"wp:attached-to":[{"embeddable":true,"post_type":"soliloquy","id":752,"href":"https:\/\/gartenfriedhof.de\/wordpress\/wp-json\/wp\/v2\/soliloquy\/752"}],"curies":[{"name":"wp","href":"https:\/\/api.w.org\/{rel}","templated":true}]}}

<!-- This site is optimized with the Yoast SEO plugin v27.2 - https://yoast.com/product/yoast-seo-wordpress/ -->
<title>022517 - Gartenfriedhof Hannover</title>
<meta name="robots" content="index, follow, max-snippet:-1, max-image-preview:large, max-video-preview:-1" />
<link rel="canonical" href="https://gartenfriedhof.de/wordpress/wp-content/uploads/2016/06/022517.jpg" />
<meta property="og:locale" content="de_DE" />
<meta property="og:type" content="article" />
<meta property="og:title" content="022517 - Gartenfriedhof Hannover" />
<meta property="og:description" content="022517 Foto, 1880: Hannover-Mitte, Marienstraße. Gartenkirche St. Marien. Vorgängerbau 1746-49 von Joh. Paul Heumann. Schlichter, turmloser Saalbau, erste Kirche der weitläufigen Gartengemeinde vor dem Aegidientor. Bildarchiv HMH. Scan vom Foto 10,5x15 cm." />
<meta property="og:url" content="https://gartenfriedhof.de/wordpress/wp-content/uploads/2016/06/022517.jpg" />
<meta property="og:site_name" content="Gartenfriedhof Hannover" />
<meta property="article:modified_time" content="2026-03-28T13:24:54+00:00" />
<meta property="og:image" content="https://gartenfriedhof.de/wordpress/wp-content/uploads/2016/06/022517.jpg" />
	<meta property="og:image:width" content="500" />
	<meta property="og:image:height" content="336" />
	<meta property="og:image:type" content="image/jpeg" />
<meta name="twitter:card" content="summary_large_image" />
<script type="application/ld+json" class="yoast-schema-graph">{"@context":"https://schema.org","@graph":[{"@type":"WebPage","@id":"https://gartenfriedhof.de/wordpress/wp-content/uploads/2016/06/022517.jpg","url":"https://gartenfriedhof.de/wordpress/wp-content/uploads/2016/06/022517.jpg","name":"022517 - Gartenfriedhof Hannover","isPartOf":{"@id":"https://gartenfriedhof.de/wordpress/#website"},"datePublished":"2016-06-25T12:35:41+00:00","dateModified":"2026-03-28T13:24:54+00:00","breadcrumb":{"@id":"https://gartenfriedhof.de/wordpress/wp-content/uploads/2016/06/022517.jpg#breadcrumb"},"inLanguage":"de","potentialAction":[{"@type":"ReadAction","target":["https://gartenfriedhof.de/wordpress/wp-content/uploads/2016/06/022517.jpg"]}]},{"@type":"BreadcrumbList","@id":"https://gartenfriedhof.de/wordpress/wp-content/uploads/2016/06/022517.jpg#breadcrumb","itemListElement":[{"@type":"ListItem","position":1,"name":"Startseite","item":"https://gartenfriedhof.de/wordpress/"},{"@type":"ListItem","position":2,"name":"022517"}]},{"@type":"WebSite","@id":"https://gartenfriedhof.de/wordpress/#website","url":"https://gartenfriedhof.de/wordpress/","name":"Gartenfriedhof Hannover","description":"","potentialAction":[{"@type":"SearchAction","target":{"@type":"EntryPoint","urlTemplate":"https://gartenfriedhof.de/wordpress/?s={search_term_string}"},"query-input":{"@type":"PropertyValueSpecification","valueRequired":true,"valueName":"search_term_string"}}],"inLanguage":"de"}]}</script>
<!-- / Yoast SEO plugin. -->

022517 Foto, 1880: Hannover-Mitte, Marienstraße. Gartenkirche St. Marien. Vorgängerbau 1746-49 von Joh. Paul Heumann. Schlichter, turmloser Saalbau, erste Kirche der weitläufigen Gartengemeinde vor dem Aegidientor. Bildarchiv HMH. Scan vom Foto 10,5x15 cm.

<p>022517<br />
Foto, 1880: Hannover-Mitte, Marienstraße. Gartenkirche St. Marien. Vorgängerbau 1746-49 von Joh. Paul Heumann. Schlichter, turmloser Saalbau, erste Kirche der weitläufigen Gartengemeinde vor dem Aegidientor.<br />
Bildarchiv HMH.<br />
Scan vom Foto 10,5&#215;15 cm.</p>

022517	Foto, 1880: Hannover-Mitte, Marienstraße. Gartenkirche St. Marien. Vorgängerbau 1746-49 von Joh. Paul Heumann. Schlichter, turmloser Saalbau, erste Kirche der weitläufigen Gartengemeinde vor dem Aegidientor.	Bildarchiv HMH.	Scan vom Foto 10,5x15 cm.
