{"id":350,"date":"2016-04-22T16:55:51","date_gmt":"2016-04-22T14:55:51","guid":{"rendered":"http:\/\/hans-gerrit.de\/?page_id=350"},"modified":"2016-07-04T22:44:57","modified_gmt":"2016-07-04T20:44:57","slug":"gartenfriedhof-grabmalliste","status":"publish","type":"page","link":"https:\/\/gartenfriedhof.de\/wordpress\/gartenfriedhof-grabmalliste\/","title":{"rendered":"Gartenfriedhof Grabmalliste"},"content":{"rendered":"<p style=\"text-align: justify;\">Die hier zusammengestellte Auswahl von Grabmalen basiert auf den Ver\u00f6ffentlichungen von H. Hesse und G. Richter. Sie enth\u00e4lt \u00fcberwiegend die Grabmale, die bei der Bestandserfassung 1983 identifiziert wurden. Die nachfolgende Liste der Grabmale folgt der Numerierung nach \u201eHesse\u201c, die weitgehend alphabetisch ist und damit eine relativ einfache Suchfunktion bietet. Die urspr\u00fcngliche Hesse-Liste umfasst 540 Grabmale. In der Ver\u00f6ffentlichung von Richter, die sich auf die von der Volkswagenstiftung gef\u00f6rderte Bestandserfassung des Gartenfriedhofs st\u00fctzt, werden noch 402 Grabdenkmale erfasst. In der vorliegenden Liste sind noch 364 Grabmale mit 465 Personen aufgef\u00fchrt. Enthalten sind auch Grabmale, bei denen lediglich Reste (S\u00e4ulenstumpf, Grabkreuz, Plattenbruchst\u00fcck usw.) erhalten sind.<\/p>\n<ul>\n<li><span style=\"font-family: Arial Black,Avant Garde; font-size: 14pt;\"><a href=\"http:\/\/gartenfriedhof.de\/Gartenfriedhof\/Grabmalliste_mit_Richter.pdf\" target=\"_blank\">Liste der Grabmale<\/a><\/span><\/li>\n<\/ul>\n<p>&nbsp;<\/p>\n<table border=\"0\" frame=\"VOID\" rules=\"NONE\" cellspacing=\"0\">\n<colgroup>\n<col width=\"67\" \/>\n<col width=\"63\" \/>\n<col width=\"221\" \/>\n<col width=\"142\" \/>\n<col width=\"95\" \/>\n<col width=\"99\" \/>\n<col width=\"92\" \/>\n<col width=\"91\" \/>\n<col width=\"289\" \/><\/colgroup>\n<tbody>\n<tr>\n<td colspan=\"9\" align=\"LEFT\" valign=\"MIDDLE\" width=\"1160\" height=\"26\">H.Hesse: Die Grabinschriften des Gartenkirchhofs in Hannover &#8211; in: Zeitschrift der Gesellschaft f\u00fcr nieders\u00e4chsische Kirchengeschichte. Jg. 44 (1939), S. 235-290<\/td>\n<\/tr>\n<tr>\n<td colspan=\"9\" align=\"LEFT\" valign=\"MIDDLE\" height=\"47\">Gerhard Richter: Der Gartenfriedhof in Hannover, in: Hannoversche Geschichtsbl\u00e4tter, Neue Folge Band 38 (1984), S. 53-76, ISSN 0342-1104<\/td>\n<\/tr>\n<\/tbody>\n<\/table>\n","protected":false},"excerpt":{"rendered":"<p>Die hier zusammengestellte Auswahl von Grabmalen basiert auf den Ver\u00f6ffentlichungen von H. Hesse und G. Richter. Sie enth\u00e4lt \u00fcberwiegend die Grabmale, die bei der Bestandserfassung 1983 identifiziert wurden. Die nachfolgende Liste der Grabmale folgt der Numerierung nach \u201eHesse\u201c, die weitgehend &hellip; <a href=\"https:\/\/gartenfriedhof.de\/wordpress\/gartenfriedhof-grabmalliste\/\">Weiterlesen <span class=\"meta-nav\">&rarr;<\/span><\/a><\/p>\n","protected":false},"author":1,"featured_media":0,"parent":0,"menu_order":0,"comment_status":"closed","ping_status":"closed","template":"","meta":{"footnotes":"","_links_to":"","_links_to_target":""},"class_list":["post-350","page","type-page","status-publish","hentry"],"yoast_head":"<!-- This site is optimized with the Yoast SEO plugin v27.2 - https:\/\/yoast.com\/product\/yoast-seo-wordpress\/ -->\n<title>Gartenfriedhof Grabmalliste - Gartenfriedhof Hannover<\/title>\n<meta name=\"description\" content=\"Gartenfriedhof Grabmalliste, Gartenfriedhof Hannover, Gartenfriedhof, Gartenkirchhof, ber\u00fchmte Grabst\u00e4tten, ber\u00fchmte Grabmale, historische Friedh\u00f6fe, wo sie ruhen,\" \/>\n<meta name=\"robots\" content=\"index, follow, max-snippet:-1, max-image-preview:large, max-video-preview:-1\" \/>\n<link rel=\"canonical\" href=\"https:\/\/gartenfriedhof.de\/wordpress\/gartenfriedhof-grabmalliste\/\" \/>\n<meta property=\"og:locale\" content=\"de_DE\" \/>\n<meta property=\"og:type\" content=\"article\" \/>\n<meta property=\"og:title\" content=\"Gartenfriedhof Grabmalliste - Gartenfriedhof Hannover\" \/>\n<meta property=\"og:description\" content=\"Gartenfriedhof Grabmalliste, Gartenfriedhof Hannover, Gartenfriedhof, Gartenkirchhof, ber\u00fchmte Grabst\u00e4tten, ber\u00fchmte Grabmale, historische Friedh\u00f6fe, wo sie ruhen,\" \/>\n<meta property=\"og:url\" content=\"https:\/\/gartenfriedhof.de\/wordpress\/gartenfriedhof-grabmalliste\/\" \/>\n<meta property=\"og:site_name\" content=\"Gartenfriedhof Hannover\" \/>\n<meta property=\"article:modified_time\" content=\"2016-07-04T20:44:57+00:00\" \/>\n<meta name=\"twitter:card\" content=\"summary_large_image\" \/>\n<meta name=\"twitter:label1\" content=\"Gesch\u00e4tzte Lesezeit\" \/>\n\t<meta name=\"twitter:data1\" content=\"1\u00a0Minute\" \/>\n<script type=\"application\/ld+json\" class=\"yoast-schema-graph\">{\"@context\":\"https:\/\/schema.org\",\"@graph\":[{\"@type\":\"WebPage\",\"@id\":\"https:\/\/gartenfriedhof.de\/wordpress\/gartenfriedhof-grabmalliste\/\",\"url\":\"https:\/\/gartenfriedhof.de\/wordpress\/gartenfriedhof-grabmalliste\/\",\"name\":\"Gartenfriedhof Grabmalliste - Gartenfriedhof Hannover\",\"isPartOf\":{\"@id\":\"https:\/\/gartenfriedhof.de\/wordpress\/#website\"},\"datePublished\":\"2016-04-22T14:55:51+00:00\",\"dateModified\":\"2016-07-04T20:44:57+00:00\",\"description\":\"Gartenfriedhof Grabmalliste, Gartenfriedhof Hannover, Gartenfriedhof, Gartenkirchhof, ber\u00fchmte Grabst\u00e4tten, ber\u00fchmte Grabmale, historische Friedh\u00f6fe, wo sie ruhen,\",\"breadcrumb\":{\"@id\":\"https:\/\/gartenfriedhof.de\/wordpress\/gartenfriedhof-grabmalliste\/#breadcrumb\"},\"inLanguage\":\"de\",\"potentialAction\":[{\"@type\":\"ReadAction\",\"target\":[\"https:\/\/gartenfriedhof.de\/wordpress\/gartenfriedhof-grabmalliste\/\"]}]},{\"@type\":\"BreadcrumbList\",\"@id\":\"https:\/\/gartenfriedhof.de\/wordpress\/gartenfriedhof-grabmalliste\/#breadcrumb\",\"itemListElement\":[{\"@type\":\"ListItem\",\"position\":1,\"name\":\"Startseite\",\"item\":\"https:\/\/gartenfriedhof.de\/wordpress\/\"},{\"@type\":\"ListItem\",\"position\":2,\"name\":\"Gartenfriedhof Grabmalliste\"}]},{\"@type\":\"WebSite\",\"@id\":\"https:\/\/gartenfriedhof.de\/wordpress\/#website\",\"url\":\"https:\/\/gartenfriedhof.de\/wordpress\/\",\"name\":\"Gartenfriedhof Hannover\",\"description\":\"\",\"potentialAction\":[{\"@type\":\"SearchAction\",\"target\":{\"@type\":\"EntryPoint\",\"urlTemplate\":\"https:\/\/gartenfriedhof.de\/wordpress\/?s={search_term_string}\"},\"query-input\":{\"@type\":\"PropertyValueSpecification\",\"valueRequired\":true,\"valueName\":\"search_term_string\"}}],\"inLanguage\":\"de\"}]}<\/script>\n<!-- \/ Yoast SEO plugin. -->","yoast_head_json":{"title":"Gartenfriedhof Grabmalliste - Gartenfriedhof Hannover","description":"Gartenfriedhof Grabmalliste, Gartenfriedhof Hannover, Gartenfriedhof, Gartenkirchhof, ber\u00fchmte Grabst\u00e4tten, ber\u00fchmte Grabmale, historische Friedh\u00f6fe, wo sie ruhen,","robots":{"index":"index","follow":"follow","max-snippet":"max-snippet:-1","max-image-preview":"max-image-preview:large","max-video-preview":"max-video-preview:-1"},"canonical":"https:\/\/gartenfriedhof.de\/wordpress\/gartenfriedhof-grabmalliste\/","og_locale":"de_DE","og_type":"article","og_title":"Gartenfriedhof Grabmalliste - Gartenfriedhof Hannover","og_description":"Gartenfriedhof Grabmalliste, Gartenfriedhof Hannover, Gartenfriedhof, Gartenkirchhof, ber\u00fchmte Grabst\u00e4tten, ber\u00fchmte Grabmale, historische Friedh\u00f6fe, wo sie ruhen,","og_url":"https:\/\/gartenfriedhof.de\/wordpress\/gartenfriedhof-grabmalliste\/","og_site_name":"Gartenfriedhof Hannover","article_modified_time":"2016-07-04T20:44:57+00:00","twitter_card":"summary_large_image","twitter_misc":{"Gesch\u00e4tzte Lesezeit":"1\u00a0Minute"},"schema":{"@context":"https:\/\/schema.org","@graph":[{"@type":"WebPage","@id":"https:\/\/gartenfriedhof.de\/wordpress\/gartenfriedhof-grabmalliste\/","url":"https:\/\/gartenfriedhof.de\/wordpress\/gartenfriedhof-grabmalliste\/","name":"Gartenfriedhof Grabmalliste - Gartenfriedhof Hannover","isPartOf":{"@id":"https:\/\/gartenfriedhof.de\/wordpress\/#website"},"datePublished":"2016-04-22T14:55:51+00:00","dateModified":"2016-07-04T20:44:57+00:00","description":"Gartenfriedhof Grabmalliste, Gartenfriedhof Hannover, Gartenfriedhof, Gartenkirchhof, ber\u00fchmte Grabst\u00e4tten, ber\u00fchmte Grabmale, historische Friedh\u00f6fe, wo sie ruhen,","breadcrumb":{"@id":"https:\/\/gartenfriedhof.de\/wordpress\/gartenfriedhof-grabmalliste\/#breadcrumb"},"inLanguage":"de","potentialAction":[{"@type":"ReadAction","target":["https:\/\/gartenfriedhof.de\/wordpress\/gartenfriedhof-grabmalliste\/"]}]},{"@type":"BreadcrumbList","@id":"https:\/\/gartenfriedhof.de\/wordpress\/gartenfriedhof-grabmalliste\/#breadcrumb","itemListElement":[{"@type":"ListItem","position":1,"name":"Startseite","item":"https:\/\/gartenfriedhof.de\/wordpress\/"},{"@type":"ListItem","position":2,"name":"Gartenfriedhof Grabmalliste"}]},{"@type":"WebSite","@id":"https:\/\/gartenfriedhof.de\/wordpress\/#website","url":"https:\/\/gartenfriedhof.de\/wordpress\/","name":"Gartenfriedhof Hannover","description":"","potentialAction":[{"@type":"SearchAction","target":{"@type":"EntryPoint","urlTemplate":"https:\/\/gartenfriedhof.de\/wordpress\/?s={search_term_string}"},"query-input":{"@type":"PropertyValueSpecification","valueRequired":true,"valueName":"search_term_string"}}],"inLanguage":"de"}]}},"_links":{"self":[{"href":"https:\/\/gartenfriedhof.de\/wordpress\/wp-json\/wp\/v2\/pages\/350","targetHints":{"allow":["GET"]}}],"collection":[{"href":"https:\/\/gartenfriedhof.de\/wordpress\/wp-json\/wp\/v2\/pages"}],"about":[{"href":"https:\/\/gartenfriedhof.de\/wordpress\/wp-json\/wp\/v2\/types\/page"}],"author":[{"embeddable":true,"href":"https:\/\/gartenfriedhof.de\/wordpress\/wp-json\/wp\/v2\/users\/1"}],"replies":[{"embeddable":true,"href":"https:\/\/gartenfriedhof.de\/wordpress\/wp-json\/wp\/v2\/comments?post=350"}],"version-history":[{"count":27,"href":"https:\/\/gartenfriedhof.de\/wordpress\/wp-json\/wp\/v2\/pages\/350\/revisions"}],"predecessor-version":[{"id":863,"href":"https:\/\/gartenfriedhof.de\/wordpress\/wp-json\/wp\/v2\/pages\/350\/revisions\/863"}],"wp:attachment":[{"href":"https:\/\/gartenfriedhof.de\/wordpress\/wp-json\/wp\/v2\/media?parent=350"}],"curies":[{"name":"wp","href":"https:\/\/api.w.org\/{rel}","templated":true}]}}